{"id":81,"date":"2019-01-10T18:07:05","date_gmt":"2019-01-10T18:07:05","guid":{"rendered":"http:\/\/ostsee-krause.de\/wordpress\/?page_id=81"},"modified":"2019-01-12T08:45:52","modified_gmt":"2019-01-12T08:45:52","slug":"groemitz","status":"publish","type":"page","link":"https:\/\/www.ostsee-krause.de\/index.php\/groemitz\/","title":{"rendered":"Gr\u00f6mitz"},"content":{"rendered":"\n<p>Bei uns an der Sonnenseite entdecken Sie Freizeit pur und f\u00fcr jeden ist das richtige dabei!<\/p>\n\n\n\n<p>Hier gibt\u00b4s Spielspa\u00df f\u00fcr die Kleinen, Sport und Fun f\u00fcr Aktive und Ruhe und Erholung f\u00fcr alle, die mal etwas Abstand brauchen. All das im Einklang mit der &#8222;gr\u00f6mitzigen&#8220;, ostseefrischen Natur. Egal, zu welcher Jahreszeit Sie kommen, bei uns ist immer was los.<\/p>\n\n\n\n<p>Mit den ersten Fr\u00fchlingstagen gehen die Segler und Surfer an den Start, im Sommer ist die Promenade voll Highlife und wenn es herbstlich wird, geht man am Strand spazieren und l\u00e4\u00dft sich von Wind, Wellen und Sonne immer wieder neu inspirieren.<\/p>\n\n\n\n<p>Feinsandig und traumhaft breit<\/p>\n\n\n\n<p>Unser Strand von 8 km L\u00e4nge l\u00e4dt zum Sonnen, spielen, joggen, spazieren gehen und noch viel me(e)hr ein. Die Kinder k\u00f6nnen im seichten Wasser herrlich plantschen und an den Strandspielpl\u00e4tzen warten Spiel, Spa\u00df und Abenteuer.<\/p>\n\n\n\n<p>Egal ob zum Klettern, Rumtoben, Buddeln oder Baden<br>\n\u2026am Strand findet sich f\u00fcr alles Platz und Gelegenheit.<\/p>\n\n\n\n<p>Die 3 Kilometer lange Strandpromenade mit Ihren \u00fcber 20 Kunstwerken, harmonisch angelegten G\u00e4rten und Ruhezonen ist eine der sch\u00f6nsten Seiten im Ostseeheilbad Gr\u00f6mitz.<br>\nHier gibt\u00b4s immer was zu gucken, die Gr\u00f6mitzer Hauptstra\u00dfe hat sich zur Flaniermeile gemausert: Moderne Gesch\u00e4fte, kleine Boutiquen, gastfreundliche Restaurants und gem\u00fctliche Caf\u00e9s laden zum Bummeln und Verweilen ein &#8211; Sehen und Gesehen werden.<\/p>\n\n\n\n<p>\u00dcbrigens nennt man die Flaniermeile auch den &#8222;Walk of fame&#8220;: Zahlreiche G\u00e4ste und Einheimische haben ihren Namen bereits auf einer Messingplatte verewigt und so ein kleines &#8222;St\u00fcckchen&#8220; Gr\u00f6mitz ganz f\u00fcr sich alleinerworben. <\/p>\n","protected":false},"excerpt":{"rendered":"<div class=\"mh-excerpt\"><p>Bei uns an der Sonnenseite entdecken Sie Freizeit pur und f\u00fcr jeden ist das richtige dabei! Hier gibt\u00b4s Spielspa\u00df f\u00fcr die Kleinen, Sport und Fun <a class=\"mh-excerpt-more\" href=\"https:\/\/www.ostsee-krause.de\/index.php\/groemitz\/\" title=\"Gr\u00f6mitz\">[&#8230;]<\/a><\/p>\n<\/div>","protected":false},"author":1,"featured_media":0,"parent":0,"menu_order":0,"comment_status":"closed","ping_status":"closed","template":"template-full.php","meta":{"footnotes":""},"class_list":["post-81","page","type-page","status-publish","hentry"],"_links":{"self":[{"href":"https:\/\/www.ostsee-krause.de\/index.php\/wp-json\/wp\/v2\/pages\/81","targetHints":{"allow":["GET"]}}],"collection":[{"href":"https:\/\/www.ostsee-krause.de\/index.php\/wp-json\/wp\/v2\/pages"}],"about":[{"href":"https:\/\/www.ostsee-krause.de\/index.php\/wp-json\/wp\/v2\/types\/page"}],"author":[{"embeddable":true,"href":"https:\/\/www.ostsee-krause.de\/index.php\/wp-json\/wp\/v2\/users\/1"}],"replies":[{"embeddable":true,"href":"https:\/\/www.ostsee-krause.de\/index.php\/wp-json\/wp\/v2\/comments?post=81"}],"version-history":[{"count":1,"href":"https:\/\/www.ostsee-krause.de\/index.php\/wp-json\/wp\/v2\/pages\/81\/revisions"}],"predecessor-version":[{"id":82,"href":"https:\/\/www.ostsee-krause.de\/index.php\/wp-json\/wp\/v2\/pages\/81\/revisions\/82"}],"wp:attachment":[{"href":"https:\/\/www.ostsee-krause.de\/index.php\/wp-json\/wp\/v2\/media?parent=81"}],"curies":[{"name":"wp","href":"https:\/\/api.w.org\/{rel}","templated":true}]}}